base 3.
-1122012201
Convert 1937985 (base 10) to base 12.
795629
Convert 1b2e3 (base 16) to base 15.
22ec1
Convert 43d8e (base 16) to base 12.
1149a6
158133 (base 12) to base 9
617683
What is -12332424 (base 5) in base 9?
-203862
Convert 583aca (base 16) to base 4.
112003223022
What is 1341174 (base 8) in base 10?
377468
Convert -3c0c0 (base 16) to base 8.
-740300
Convert -266200 (base 9) to base 8.
-474320
2ec2d0 (base 15) to base 14
430aa1
Convert 1334250 (base 7) to base 13.
62604
Convert -85b0a (base 16) to base 7.
-4440325
What is -cf04 (base 16) in base 5?
-3143441
Convert 1102202212212 (base 3) to base 5.
143410203
What is -62173475 (base 8) in base 2?
-110010001111011100111101
Convert 6ddad (base 16) to base 14.
b9da5
24421100 (base 6) to base 16
be89c
-73355 (base 15) to base 10
-365255
Convert -ac31dd (base 14) to base 9.
-12002666
Convert -b2524 (base 14) to base 13.
-1203bb
Convert 1946936 (base 13) to base 15.
add778
What is 2043242003 (base 5) in base 10?
4274628
Convert 365214 (base 9) to base 14.
5a421
What is 145267 (base 10) in base 2?
100011011101110011
What is 1000100100001 (base 2) in base 5?
120020
What is -216c10 (base 14) in base 8?
-4244536
Convert 1408688 (base 12) to base 14.
760440
What is 1147045 (base 8) in base 9?
528877
211202222310 (base 4) to base 15
ce5e3c
Convert -1103321 (base 6) to base 5.
-3231301
Convert 20251545 (base 7) to base 14.
32115c
What is 378a9 (base 15) in base 11?
111367
What is -15315255 (base 9) in base 12?
-267a24b
Convert -2134100 (base 6) to base 13.
-39264
What is 454532005 (base 6) in base 9?
16633235
What is -60144 (base 12) in base 11?
-85694
What is -202120100020 (base 3) in base 9?
-676306
What is a7a42 (base 12) in base 10?
220946
What is 88d55 (base 16) in base 15?
b10e9
What is 42044201 (base 6) in base 12?
4a9661
Convert 298081 (base 11) to base 6.
13542544
What is 5cb16 (base 13) in base 10?
171047
Convert -2137177 (base 12) to base 7.
-104336521
-68938 (base 10) to base 6
-1251054
What is -6673563 (base 8) in base 10?
-1800051
-10110010100110011000 (base 2) to base 4
-2302212120
What is 4d5473 (base 14) in base 3?
12000102010011
What is 181850 (base 9) in base 16?
1b93f
What is 105101130 (base 7) in base 14?
bbb750
What is 2192275 (base 10) in base 6?
114553231
32144011 (base 5) to base 2
1000010010110001100
-a1399 (base 13) to base 9
-478588
110111011111101101011010 (base 2) to base 8
67375532
Convert 1313214 (base 5) to base 2.
110010111001011
What is 1104016 (base 7) in base 10?
135841
Convert b6ebd (base 15) to base 10.
580453
What is 3d26d7 (base 15) in base 11?
1731316
Convert 134250 (base 6) to base 11.
9542
1320854 (base 10) to base 8
5023626
What is -11000222120002 (base 3) in base 11?
-1235734
What is -41057 (base 8) in base 12?
-997b
156117 (base 8) to base 2
1101110001001111
-b0a691 (base 13) to base 2
-1111101010110000111101
-10000220020201 (base 3) to base 6
-54314544
Convert -13882 (base 16) to base 14.
-21226
11364052 (base 7) to base 14
1c31d2
306028 (base 9) to base 12
8908b
-11111003 (base 6) to base 4
-1102000023
71d04 (base 14) to base 11
178020
Convert 10001200112102 (base 3) to base 10.
1627517
-465881 (base 9) to base 3
-112012222201
What is 156199 (base 10) in base 12?
76487
What is 110111101000101000 (base 2) in base 13?
7c953
Convert -8076a0 (base 12) to base 14.
-3a2320
Convert -1001002212220220 (base 3) to base 9.
-31085826
Convert 1472a87 (base 12) to base 7.
50055040
-684232 (base 9) to base 10
-409889
What is -14da14 (base 14) in base 5?
-141313023
What is 21259 (base 14) in base 9?
131721
Convert -991e25 (base 16) to base 11.
-5734268
Convert -1336354 (base 8) to base 7.
-3124224
Convert -1207019 (base 10) to base 14.
-235c39
Convert 3107a6 (base 12) to base 5.
144041431
Convert -1976a63 (base 11) to base 12.
-1148830
-14355310 (base 6) to base 5
-111410222
1110001011000101001000 (base 2) to base 3
20222202120102
-1101111101000111 (base 2) to base 8
-157507
-161320 (base 8) to base 7
-331166
22994 (base 11) to base 5
2030021
What is -10203200332 (base 4) in base 8?
-4434076
What is 1114905 (base 14) in base 4?
132332003321
Convert 100102122121102 (base 3) to base 6.
255233102
Convert 6a364 (base 12) to base 13.
4c95a
-1464273 (base 8) to base 15
-846bc
Convert 2a503b (base 15) to base 5.
1010320211
What is -241146 (base 8) in base 3?
-11012012211
8a288 (base 11) to base 2
11111111011011000
What is -1011011110000001110101 (base 2) in base 14?
-58399b
What is -13e9d (base 16) in base 8?
-237235
Convert 726752 (base 8) to base 11.
15518a
Convert 34025 (base 6) to base 2.
1001010100001
Convert -1297aa (base 11) to base 15.
-4036e
Convert 22233112121 (base 4) to base 7.
32634056
What is 13a9143 (base 11) in base 8?
11151327
11111101100001001001 (base 2) to base 16
fd849
31506 (base 7) to base 5
222142
Convert 380a2 (base 14) to base 10.
137342
What is 145776 (base 9) in base 6?
1530410
What is -13d27 (base 15) in base 4?
-33203200
Convert -85472 (base 10) to base 14.
-23212
What is -10111000000111001110 (base 2) in base 8?
-2700716
What is -256466 (base 7) in base 13?
-18a73
What is -315277 (base 16) in base 7?
-36321556
Convert -64244 (base 10) to base 7.
-355205
17798b (base 13) to base 12
2444b7
Convert 120000010012112 (base 3) to base 9.
16003175
What is 35c4aa (base 13) in base 3?
2102020010112
Convert 6bc76 (base 16) to base 13.
125c28
Convert 5c9c7 (base 15) to base 4.
1020032131
Convert -5546312 (base 9) to base 12.
-bba562
Convert 1231301341 (base 5) to base 15.
3e2181
What is 1144263 (base 8) in base 13?
ac922
a58cd (base 14) to base 13
10cb89
Convert -1000000010110001110 (base 2) to base 6.
-5352114
What is 20042312 (base 5) in base 8?
466552
What is -7c0e1 (base 16) in base 4?
-1330003201
-1e234 (base 15) to base 16
-18046
109783 (base 11) to base 7
1323124
Convert -9ef6e (base 16) to base 4.
-2132331232
-8aa8 (base 12) to base 15
-4862
What is -2013343143 (base 5) in base 15?
-54d14d
What is -49659 (base 10) in base 14?
-14151
Convert 5701728 (base 10) to base 5.
2424423403
What is -100101100100101100101 (base 2) in base 8?
-4544545
37055 (base 10) to base 16
90bf
What is -3055a4 (base 11) in base 6?
-14302543
-15307b (base 12) to base 3
-200011210112
What is 1002202 (base 6) in base 7?
254333
Convert 1345164 (base 9) to base 14.
153264
Convert -376603 (base 13) to base 15.
-1b373a
What is -4613953 (base 12) in base 8?
-63271217
What is 11a4c (base 15) in base 8?
156002
21023021 (base 4) to base 7
214361
What is 33021302 (base 4) in base 3?
10011010202
-ac360a (base 14) to base 11
-33351a5
-111131150 (base 6) to base 13
-558798
What is 1604273 (base 11) in base 15?
392d5d
Convert -926cc (base 13) to base 15.
-52c35
100110111010110000 (base 2) to base 15
32373
306b1 (base 16) to base 8
603261
3033231023 (base 4) to base 8
3175513
What is 16105110 (base 7) in base 11?
968057
Convert 130331032 (base 4) to base 14.
3131c
-122343210 (base 6) to base 13
-649173
b5fb (base 16) to base 10
46587
5072467 (base 8) to base 7
14252553
Convert 163469 (base 10) to base 12.
7a725
What is -626454 (base 9) in base 8?
-1326703
20122120 (base 6) to base 13
16ca07
Convert d230 (base 16) to base 8.
151060
Convert -21a80aa (base 11) to base 12.
-13626b3
543811 (base 12) to base 4
11011203031
Convert 1da19b (base 15) to base 14.
29b033
Convert -13011201011 (base 4) to base 13.
-500699
What is -1000100000001101000101 (base 2) in base 10?
-2229061
-12217 (base 13) to base 10
-33313
Convert -706899 (base 10) to base 16.
-ac953
457a8 (base 12) to base 13
33284
What is b5e7 (base 15) in base 3?
1221202201
Convert 88c70 (base 15) to base 16.
6a275
What is 1230243424 (base 5) in base 15?
3dc579
What is -1013414212 (base 5) in base 12?
-84a653
4305544 (base 6) to base 14
56da8
What is 354474 (base 9) in base 13?
760b7
Convert -465740 (base 8) to base 13.
-572ca
Convert -25a8660 (base 11) to base 4.
-101030021303
Convert -260637 (base 11) to base 2.
-1100100010001011010
-4236 (base 15) to base 12
-8129
What is -3424201 (base 8) in base 10?
-927873
-714760 (base 12) to base 2
-110110000010000111000
Convert -662345 (base 8) to base 2.
-110110010011100101
Convert 1523003 (base 7) to base 15.
41748
2213611 (base 8) to base 7
5031112
What is -501601 (base 8) in base 6